k**2 - 14*k - 12. Let o be j(-12). Calculate the greatest common factor of 18 and o.
6
Let m(t) = -21*t + 4. Let s be m(-2). Calculate the greatest common factor of 69 and s.
23
Let z(o) = -o**3 - 7*o**2 - 3*o - 17. Let c be z(-7). Calculate the greatest common factor of c and 3.
1
Let v = -53 - -83. Calculate the greatest common divisor of v and 20.
10
Let r = -68 + 158. What is the highest common divisor of r and 18?
18
Let b(d) = d**3 - 4*d**2 + 4*d - 8. Let y be b(4). Suppose 4*o - 27 = 2*n + 27, 105 = 5*o + 5*n. Calculate the highest common divisor of y and o.
8
Suppose -u + 3*o = 70 - 17, 2*u - 3*o + 106 = 0. Let l = u + 113. Calculate the highest common divisor of l and 20.
20
Let q be 2/(-3) - (-87)/9. Let p be 84/q + 2/(-6). Calculate the highest common factor of 9 and p.
9
Let i(r) be the first derivative of 1/2*r**2 - 4*r + 2 - 1/4*r**4 + 8/3*r**3. Let n be i(8). Calculate the highest common factor of n and 6.
2
Let i(m) = m**3 - 12*m**2 + 12*m - 2. Let b be i(11). Let r(z) = 14*z - 8. Suppose 0 = d - 4 - 3. Let s be r(d). What is the greatest common divisor of s and b?
9
Let z be (200/250)/((-1)/(-10)). Suppose 2*k = 4*l + 48, 4*k - 91 = 3*l + 10. Let s = 38 - k. Calculate the greatest common factor of s and z.
4
Suppose 3*g - 77 = -3*u + 160, 4*g - 304 = 2*u. Calculate the greatest common divisor of 7 and g.
7
Suppose 4*z - 70 = 2*z - 2*v, 0 = 2*z - 5*v - 91. Calculate the greatest common factor of z and 133.
19
Let q = -10 + 10. Suppose q = -2*f + 56 + 604. What is the greatest common divisor of 30 and f?
30
Let g(t) = 5*t - 69. Let b be g(16). Calculate the highest common factor of 1 and b.
1
Let w(r) = -r - 1. Let a be w(-3). Suppose a*p = 122 - 10. Let h = -9 - -16. What is the greatest common factor of p and h?
7
Suppose 10 = 4*l - l + 2*o, -5*o + 4 = -3*l. Let r be (-4 - -2)*l*-42. Calculate the greatest common divisor of 21 and r.
21
Suppose 0 = n - g - 18, -2*n - 2*g = -0*g - 24. Let d be n - (0 - (-2 + 1)). Calculate the highest common divisor of 7 and d.
7
Let h = 0 - -2. Suppose -4*i + h*d - 2 = -0*i, -8 = i - 3*d. What is the highest common divisor of i and 1?
1
Suppose -6 = -5*y + 34. What is the highest common divisor of 8 and y?
8
Let z(b) = 5*b**3 - b**2 + b + 2. Let c be z(2). Let u(m) = m**2 - m. Let n be u(5). What is the greatest common divisor of c and n?
20
Let g = 5 - -11. What is the highest common divisor of 2 and g?
2
Let k(d) = 3*d + 2. Let l be k(6). Calculate the greatest common divisor of l and 20.
20
Let d(v) = v**3 - 5*v**2 + 3*v + 7. Let f be d(4). What is the highest common divisor of f and 6?
3
Let x(f) = -20*f + 5. Suppose 4*w + 5 = 3*w. Let s be x(w). What is the highest common factor of 42 and s?
21
Let n = 5 + 6. Suppose n = -4*x + 43. Let v be 82/x - 2/8. Calculate the highest common divisor of v and 10.
10
Suppose 3*z + 4*d = 21, -3*z + 4*z - d = 0. Suppose 0 = -6*g + g. Suppose -z*j + 240 = -g*j. What is the highest common divisor of 32 and j?
16
Let l(b) = 16*b**2 + 2*b - 2. Let k be l(2). Suppose 17 = -s + k. Let p = s + -17. What is the highest common factor of p and 4?
4
Suppose 5*s - 15 = -5. Suppose 10 + s = 2*h. Calculate the greatest common factor of 30 and h.
6
Let d be (-6)/(-4)*(9 + -3). Suppose -d = s - 2*s. Calculate the greatest common divisor of 9 and s.
9
Let j(y) = -2*y - 2. Let h be j(-3). Let k(i) = 2*i. Let g = 3 + 0. Let m be k(g). What is the highest common divisor of m and h?
2
Let a be (-9)/3*-6 + 4. What is the highest common divisor of a and 11?
11
Suppose -2*p - 3*c - 4 = -2, -4*c + 2 = 5*p. What is the highest common divisor of 20 and p?
2
Let i = 85 - 69. What is the greatest common factor of 16 and i?
16
Suppose -1203 = 5*d + 6422. Let k be (-3)/(-4) + d/(-20). Calculate the greatest common factor of k and 7.
7
Let x(p) = p**3 + 2*p**2 - 3*p + 4. Let c be x(-3). Suppose 103 = c*f + 35. Calculate the greatest common factor of f and 17.
17
Let w be (-3)/2 - (-13)/2. Suppose 0 = w*y - 5, s + 4 = 3*y - 3. Let d be (6/s)/(5/(-40)). Calculate the greatest common factor of 36 and d.
12
Suppose 16 = 5*y + 1. Let o be ((-12)/9)/(y/(-54)). Calculate the greatest common factor of o and 60.
12
Suppose -55 = -4*d + 2*d - 3*m, -3*m = -4*d + 155. Calculate the highest common factor of 20 and d.
5
Let n(y) = -y + 15. Let o be 1/4 - 2/8. Let a be n(o). Suppose -4*l = -5*u - 315, -4*l - 4*u + 361 - 73 = 0. What is the greatest common divisor of a and l?
15
Suppose -66 = 3*u - 8*u + 2*h, 0 = -2*u + 4*h + 36. What is the highest common divisor of 6 and u?
6
Let u(k) = k**3 + 7*k**2 - 7*k - 6. Let o be u(-6). Let q be (o/(-3))/((-3)/4). Calculate the highest common factor of 48 and q.
16
Let y(b) = -2*b. Let d be y(-4). Suppose -a - a = d. Let g(u) = -u**2 - 6*u - 1. Let i be g(a). Calculate the greatest common divisor of i and 35.
7
Let j = -4 - -6. Suppose 15 = -3*c, v - c = -j*c. Suppose v*i + 5 = 4*y, -y = -5*i + 4 + 6. What is the greatest common divisor of 6 and i?
3
Suppose -3*g - 34 = -2*n - 3*n, 5*n + 5*g - 50 = 0. What is the highest common divisor of n and 32?
8
Let i be 2/3 + 106/3. Let t(m) = 11*m - 10. Let a be t(2). Calculate the greatest common divisor of i and a.
12
Let y = 8 + -6. Suppose -y*h + 84 = 3*o, -o + 18 = 4*h - 0*h. What is the greatest common factor of o and 10?
10
Let r = -7 + 49. Calculate the highest common factor of 14 and r.
14
Suppose 0 = -4*m + 2 + 2. Suppose g + 7 = 2*g. Calculate the greatest common divisor of g and m.
1
Let k be (103 + (4 - 3))*1. What is the greatest common factor of 26 and k?
26
Suppose 5*a - 2*h = 20, a + 8*h = 4*h - 18. Let j = 9 - a. What is the highest common divisor of j and 7?
7
Suppose 35 - 7 = 4*u. Let f be (-4)/14 + 93/u. Calculate the highest common factor of f and 52.
13
Suppose 4*r + 8 = 0, 7 + 2 = -w - 3*r. Let q = -39 + 27. Let g be (-3)/((w/q)/(-1)). Calculate the highest common divisor of g and 36.
12
Suppose -m = 2*b - 115, 4*b + b = -5*m + 300. What is the highest common factor of b and 11?
11
Let j be 420/(-245)*7*-1. Let i(c) = -c - 1. Let l be i(-1). Suppose l = -2*u - 4, 2*u + 0*u + 100 = 2*n. Calculate the greatest common factor of j and n.
12
Let l be 14/(-77) - (-444)/22. Suppose -5*s + 1 = 21, -3*m - 4*s + 284 = 0. Calculate the greatest common divisor of m and l.
20
Suppose -15*m + 240 = -10*m. What is the greatest common divisor of 6 and m?
6
Suppose 6 = 2*n - 2*w, -2*n - 1 = -7*n - 2*w. Suppose 3*a = 6*a - 9. What is the greatest common divisor of a and n?
1
Let s be 8 - 2/((-2)/(-3)). Suppose -3*r + 5*g = -253 - 67, 0 = s*r - 3*g - 544. What is the highest common factor of r and 10?
10
Suppose 2*q = -4*i - 8, -3*i + 16 = 2*q - 5*i. Calculate the greatest common factor of 44 and q.
4
Suppose -2*k - 11 = -39. What is the greatest common divisor of 112 and k?
14
Let b be (-43)/(-9) + 2/9. Let h be ((-9)/15)/(1/(-25)). What is the greatest common divisor of h and b?
5
Let n be (-1)/(((-16)/4)/24). What is the highest common factor of 3 and n?
3
Suppose -3*q + 12*q = 936. Suppose 6*s - 3*h - 62 = s, 0 = 2*s + 4*h - 30. Calculate the greatest common factor of s and q.
13
Let h(i) = i**3 + 7*i**2 - 25*i - 22. Let a be h(-7). What is the highest common factor of 9 and a?
9
Let x = -13 + 13. Suppose x = -0*c + 4*c - 24. What is the highest common divisor of c and 42?
6
Let o(m) = -2*m**2 + 3*m. Let p = -4 + 6. Let f be o(p). Let y(l) = 11*l**2 - 2. Let v be y(f). Calculate the greatest common factor of v and 63.
21
Suppose 4*v - 2*i + 1 = 5*v, 0 = 4*v + 2*i - 34. What is the highest common factor of 44 and v?
11
Let b be 5 + 2 + 77 + -4. What is the greatest common factor of 16 and b?
16
Let d = 89 - 63. What is the greatest common divisor of 78 and d?
26
Suppose -2*l + 46 + 38 = 0. What is the greatest common divisor of l and 12?
6
Let l(b) = b**3 + 5*b**2 + 4*b - 2. Let r be l(-4). Let i be -12*((-2 - r) + -1). Calculate the highest common divisor of 8 and i.
4
Suppose 0 = -3*h + 2*t + 25, -2*t = h + 3*t - 31. Calculate the greatest common divisor of 66 and h.
11
Let q(l) = l**3 + 10*l**2 + 11*l + 5. Let s = -42 - -21. Let b = 13 + s. Let g be q(b). Calculate the highest common divisor of 18 and g.
9
Suppose 3*k + 0*k - 933 = 0. Let x = -168 + k. Suppose h + 2*h - 39 = 0. Calculate the greatest c